*i + v - 11, 3*i - 6 = 5*v. Let o be 2/(-3)*(8 + -14). Suppose -2*w + 279 = -i*t - 93, 5*t = o*w - 745. Is w a composite number?
True
Let w(g) = 3*g - 5. Let z be w(3). Suppose z*a + 552 = 7*a. Suppose -973 = -3*y - a. Is y a prime number?
True
Is (0 - 3)*8665515/(-405) composite?
False
Let r(q) = -2 + 0*q + 7 + 3*q - q**2 + 2*q. Let o be r(5). Suppose -5*b = o*c - 846 + 31, 0 = 2*b + 3*c - 328. Is b prime?
False
Suppose 0 = 12*q - 7*q + 560. Let b = q + 203. Is b a prime number?
False
Let b(m) = -m**2 + 10*m - 11. Let v be b(8). Suppose 0 = v*l - 3*c - 1284, -c + 0*c + 518 = 2*l. Is 4/(1 - -3) + l a composite number?
True
Let x(l) = -24*l - 5. Let v be ((-2)/(-6))/((-2)/66). Let c = v + 4. Is x(c) composite?
False
Let p = -18 + 20. Suppose 0 = p*u - 0*o + 2*o - 830, 0 = 2*u + o - 826. Is u prime?
False
Suppose -15*m + 2*x = -14*m - 101, -3*x + 440 = 5*m. Is m a prime number?
False
Is (7 + -11)/4*-30367 a prime number?
True
Let j(z) = 31*z - 37 - 72*z + 3*z**2 + 6 + 28*z. Is j(15) a composite number?
False
Is ((-65352)/(-48))/((-3)/(-6)) a composite number?
True
Let m = 22 - 16. Suppose -5*h - r = -638, -m*r + 647 = 5*h - 2*r. Is h a prime number?
True
Suppose 0 = -3*k + 7 + 2, 0 = 3*f + k - 3642. Is f composite?
False
Is 2/10*1 - (-69408)/10 a prime number?
False
Is 1/(1/52)*2192/64 composite?
True
Suppose 0 = 3*c - 2*y - 58911, -32*y + 28*y = 0. Is c a composite number?
True
Let q = -5607 + 41330. Is q prime?
False
Suppose -28*l - 17345 = -106413. Is l composite?
False
Let p = -1641 - -5647. Suppose 0*d = 2*d - p. Is d a prime number?
True
Is -6*4/(-264) + 43580/22 composite?
True
Let i be 20/(-50) + (-393)/5. Let a = 348 - i. Is a a composite number?
True
Let d(g) = 19695*g**2 - 10*g + 13. Is d(2) prime?
False
Suppose 2*d - d = 63. Suppose 4*s - 5*q - 612 = 0, 3*q + 134 = -5*s + 862. Let f = s + d. Is f a prime number?
True
Let p(h) = -2540*h - 693. Is p(-19) a prime number?
False
Let j(k) = -20*k**3 - 3*k**2 + 1. Let y = -5 - -10. Suppose v - 7 = -3*v - y*a, 4*a - 12 = 0. Is j(v) composite?
False
Let r be 3 + ((-1914)/12 - (-2)/4). Let m = -94 - r. Is m prime?
False
Suppose 0 = -d - 3*a + 4, -2*a + 8 = 2*d + 3*a. Suppose -y + 3*y = 5*t - 6, -4*t = d*y + 12. Suppose -k + 5 + 14 = t. Is k composite?
False
Let l be 3/9*0 - -3. Suppose 0 = -l*r - 4*u + 109, 3*r - 4*u - 149 = -0*u. Suppose 27 + r = 2*b. Is b prime?
False
Let y = 912 - -481. Is y a prime number?
False
Suppose p - 824 = 4237. Suppose 0*m + p = 3*m. Is m composite?
True
Let k(f) = 89*f**2 - 14*f. Let l = 40 - 23. Let r(h) = -30*h**2 + 5*h. Let t(y) = l*r(y) + 6*k(y). Is t(3) a composite number?
True
Let r = 37 + 971. Suppose -3*w = 2*o + 2*w - 496, 4*o - r = -2*w. Is o composite?
True
Let y = -15689 + 33730. Is y a prime number?
True
Let u be ((-6)/3 + 3)*98. Suppose -44 = m + 4*l, 0 = m + m - 2*l + u. Let y = m + 569. Is y prime?
True
Let b(q) = q**3 + 14*q**2 - 29*q + 13. Is b(-15) prime?
True
Let f = 87 + -48. Is ((-46)/6)/((-13)/f) a prime number?
True
Suppose -f = -5*l + 21, -4*l - 3*f - 8 = -21. Suppose -816 = l*y - 6260. Is y prime?
True
Let x = 848 - 327. Is x composite?
False
Let l(w) be the third derivative of w**8/20160 - 11*w**7/5040 - 13*w**6/720 - w**5/5 + 11*w**2. Let z(d) be the third derivative of l(d). Is z(-14) prime?
True
Let z(m) = 1469*m**2 + 9*m - 9. Is z(4) composite?
False
Let s = 1247 - -2546. Is s a composite number?
False
Suppose -6 - 3 = -3*v. Suppose -q - 3817 = -v*y, 2*y - 2550 = -4*q + 2*q. Is y composite?
True
Suppose 2*s = 2*d, 2*s - 2*d = d. Suppose -7*q + 10*q - 2103 = s. Is q a composite number?
False
Let z(q) = 2*q**3 + q**2 - 2*q + 2545. Is z(0) prime?
False
Suppose 32*v - 89*v = -101517. Is v a prime number?
False
Suppose 0 = 7*p - 300 + 76. Suppose -b - 4*i = -p - 235, 4*b + 2*i = 1082. Is b prime?
True
Suppose -5*b + 2*q + 16103 = 4350, -3 = -3*q. Is b a prime number?
True
Let h(q) = q**2 - 5*q - 11. Let f be h(-3). Let n(c) = 90*c - 11. Is n(f) prime?
False
Suppose 192 = k - 8. Suppose 32 = 2*g + 4*i + 6, -24 = -3*g - 3*i. Suppose 0 = -2*u - u - 9, -k = -w + g*u. Is w a composite number?
False
Is (4/6)/(241572/(-80532) - -3) composite?
False
Is 7 - 390352/8*-1 prime?
False
Let j(l) = 3 + 48*l - 23*l - 24*l + 0 + 129*l**2. Is j(2) composite?
False
Suppose 9*j + 5*a = 13*j - 12573, -2*a - 9421 = -3*j. Is j composite?
False
Let k(m) = 10*m**3 + 3*m**2 - 5*m. Let f be k(4). Suppose 0 = 17*x - 21*x + f. Is x composite?
False
Let l(k) = 14*k**2 + 4*k - 3 + 14*k**2 + 12*k**3 - 28*k**2. Is l(4) composite?
True
Let q(h) = -h**3 - 18*h**2 - 16*h + 23. Let w be q(-17). Let b be 31/w + 15/(-90). Suppose 0 = -b*z + 3433 + 412. Is z a prime number?
True
Let h = -22 + 24. Suppose 0 = 4*n - 10 - 10. Suppose f + n = 0, h*g + 5*f - 59 = 104. Is g composite?
True
Suppose 5*f - 26 = 4*n, -7 = -5*f + n + 7. Is (-537)/12*-2*f a composite number?
False
Suppose 0 = -c - 2, m + 3*c = 4*c + 1051. Is m prime?
True
Suppose 4*x - 5*v = 16201, -4*x = -v - 3*v - 16204. Is x composite?
True
Let i(f) = 21*f**2 - 8*f - 37. Is i(-4) prime?
True
Let r(p) = -p**2 + 7*p - 4. Let z be r(6). Suppose 5*j = -4 - 1, 0 = z*v + 4*j + 10. Is (10/(-3) - v)*-111 composite?
False
Let x(q) be the third derivative of q**5/20 + q**4/24 + 2*q**2. Let t be x(-5). Suppose 0 = 7*m - 9*m + t. Is m prime?
False
Suppose -290489 = -22*y - 9791. Is y prime?
False
Let r = 35171 + -10382. Is r prime?
False
Let a = -84 - -260. Suppose -6*t = -a - 226. Is t prime?
True
Suppose -1512 = -45*y + 49*y. Let g(h) = 5*h**3 + 3*h**2 - 4*h - 3. Let u be g(-4). Let o = u - y. Is o composite?
True
Let o be 2/(1 - 12/20). Suppose -1560 = -5*c - o*x, 4*x + 227 = c - 110. Is c prime?
True
Suppose 2186 = 3*q - 30334. Let z be ((-6)/5)/((-12)/q). Suppose -4*j + 0*j + z = 0. Is j a prime number?
True
Suppose -14*l = -9*l + 8965. Is 15/(-10)*6/9*l prime?
False
Let f(j) = 2*j**3 + 8*j**2 + 3*j + 12. Let q be 20/130 - 230/(-26). Let u be f(q). Suppose -4*i - 2*p + 711 = -3*i, 3*i - u = -3*p. Is i a prime number?
True
Suppose -11*a + 28 = -4*a. Suppose 0 = -w + a + 12. Suppose -4*x - 86 - w = -2*i, 0 = -4*i - 5*x + 230. Is i a prime number?
False
Suppose 26 = 5*p - 2*q, 0*q + 19 = 4*p - q. Is 1/(((-12)/(-669))/p) a composite number?
False
Let t(q) = 9*q**2 - 44*q + 18. Is t(10) prime?
False
Let c(y) = y**3 + 4*y**2 - 5*y - 9. Let j be c(-5). Let v(z) = -3*z**3 - z**2 + 11*z - 8. Let b be v(j). Suppose 8*o - b - 569 = 0. Is o a prime number?
False
Let w = -6 + 10. Suppose 0*n - n = -w*y + 28, -124 = 5*n - 4*y. Is (4/(-6))/(n/18612) a composite number?
True
Let t be (-18)/99 - (-62)/(-22). Let v be (4/t)/((-12)/27). Suppose v*f = 56 + 19. Is f prime?
False
Suppose -6*v = -3*v - 6. Suppose -5 - 6 = -3*q - 5*x, v*q + 2*x - 6 = 0. Suppose 5*a = q*j + 3*j + 2220, -j = 5. Is a prime?
True
Let p(r) be the first derivative of -r**4/4 + 8*r**3/3 - 4*r**2 + 7*r - 6. Let k be p(7). Suppose 4*q - 239 = -3*f, 5*q = 4*f - k*f - 360. Is f composite?
True
Is (3 + 0)*(-5)/(-15) - -966 a prime number?
True
Let c(q) = 14*q**2 + 19*q + 4. Let k(x) = -2*x**2 - 27*x + 5. Let l be k(-14). Is c(l) prime?
True
Suppose 0 = 8*p - 4*p - 8. Suppose c = -0*c - p. Is c - (-8)/(8/165) a composite number?
False
Suppose 7*d - 12*d + 2*v = -116849, -v = -5*d + 116847. Is d composite?
False
Let g(b) = -1. Let y(c) be the third derivative of -77*c**5/30 + c**4/24 + c**3/3 + 3*c**2. Let a(s) = -3*g(s) - y(s). Is a(-2) composite?
False
Let o(p) be the first derivative of p**4/2 - 2*p**3 - 2*p**2 - p - 4. Is o(6) a composite number?
False
Let l = 109 - 108. Is (-4342 + l)*(52/12 - 5) a composite number?
True
Let c be (3/(-5) - (-10)/(-25)) + 5. Suppose -2304 + 660 = -c*p. Is p composite?
True
Let d(v) = -4*v**3 + 14*v**2 + 9*v - 8. Is d(-9) composite?
True
Suppose 0*p + 2*p - 29697 = -3*c, -3*p + 29694 = 3*c. Is c a composite number?
False
Suppose 9*t - 52902 = -9*t. Is t a composite number?
False
Suppose -5*v + 8 = -12. Let r = -2 + v. Is -1*r/2*-179 composite?
False
Suppose -20579 = -2*n - 2855. Is 6/10 + n/105 a prime number?
False
Suppose 0 = 4*q - 41 + 9. Let p(y) = -7 + 210*y + q - 65*y. Is p(2) a composite number?
True
Let g be ((-6)/(-10))/((-2)/(-10)). Let s be (0 - g - -31) + -3. Suppose -d = 2*q - s, -3*d = -5*q + 19 - 61. Is d prime?
True
Let o =